{"id":221231,"date":"2025-11-03T09:09:58","date_gmt":"2025-11-03T08:09:58","guid":{"rendered":"https:\/\/fitplace.fit\/jaen\/?page_id=221231"},"modified":"2025-11-03T09:14:32","modified_gmt":"2025-11-03T08:14:32","slug":"clausula-condiciones-generales-de-contratacion","status":"publish","type":"page","link":"https:\/\/fitplace.fit\/jaen\/clausula-condiciones-generales-de-contratacion\/","title":{"rendered":"Cl\u00e1usula Condiciones Generales de Contrataci\u00f3n"},"content":{"rendered":"\n<h2 class=\"wp-block-heading\"><strong>QUINTA. PROTECCI\u00d3N DE DATOS DE CAR\u00c1CTER PERSONAL<\/strong><\/h2>\n\n\n\n<p>FITPLACE JAEN SL con CIF B71542195. Se compromete a tratar de forma absolutamente confidencial todos sus datos de car\u00e1cter personal seg\u00fan lo establecido en el Reglamento General de Protecci\u00f3n de Datos UE 2016\/679 (RGPD) y la Ley Org\u00e1nica 3\/2018, de 5 de diciembre, de Protecci\u00f3n de Datos Personales y Garant\u00eda de los Derechos Digitales (LOPDGDD).<\/p>\n\n\n\n<p>El\/la socio\/a autoriza a FITPLACE JAEN SL con CIF B71542195 a tratar sus datos personales, y otorga esta autorizaci\u00f3n de manera expr\u00e9s, precisa, inequ\u00edvoca e informada. En cumplimiento de lo dispuesto en los art\u00edculos 13 y 14 del RGPD y en el art\u00edculo 11 de la LOPDGDD se informa de los siguientes datos:<\/p>\n\n\n\n<p><strong>Responsable del tratamiento<\/strong> FITPLACE JAEN SL con CIF B71542195, con domicilio social a C\/ ARROBIA 3, LOCAL 8, ZIZUR MAYOR 31180, (NAVARRA), tel\u00e9fono: 607405320, email: <a href=\"mailto:jaen@fitplace.fit\">jaen@fitplace.fit<\/a><\/p>\n\n\n\n<p><strong>Finalidad del tratamiento:<\/strong> Los datos se utilizar\u00e1n para: Gesti\u00f3n contractual y administrativa de la cuota y servicios. Env\u00edo de ofertas y promociones (previo consentimiento). Captaci\u00f3n de im\u00e1genes para difusi\u00f3n en redes y medios (previo consentimiento).<\/p>\n\n\n\n<p><strong>Conservaci\u00f3n:<\/strong> Los datos personales proporcionados se conservar\u00e1n mientras no se solicite la supresi\u00f3n por parte del interesado y durante el tiempo necesario para cumplir con las obligaciones legales.<\/p>\n\n\n\n<p><strong>Destinatarios:<\/strong> El resto de empresas del Grupo Fitplace y cuando proceda, colaboradores y prestadores de servicios.<\/p>\n\n\n\n<p><strong>Legitimaci\u00f3n<\/strong>: El tratamiento se basa en la ejecuci\u00f3n del contrato, el consentimiento para usos espec\u00edficos y el cumplimiento de obligaciones legales.<\/p>\n\n\n\n<p><strong>Derechos:<\/strong> Informamos de la posibilidad de ejercer los siguientes derechos sobre sus datos personales dirigi\u00e9ndose a nuestro domicilio fiscal o a trav\u00e9s del correo electr\u00f3nico, teni\u00e9ndose que identificar debidamente y solicitar claramente el derecho a ejercer: derecho de acceso, rectificaci\u00f3n, supresi\u00f3n u olvido, limitaci\u00f3n, oposici\u00f3n, portabilidad y no ser objeto de decisiones individuales automatizadas. Tambi\u00e9n puede retirar el consentimiento otorgado.<\/p>\n\n\n\n<p>Adem\u00e1s, puede dirigirse a la Autoridad de Control en materia de Protecci\u00f3n de Datos competente para obtener informaci\u00f3n adicional o presentar una reclamaci\u00f3n.<\/p>\n\n\n\n<p><strong>Im\u00e1genes:<\/strong> El derecho a la imagen personal est\u00e1 reconocido en el art\u00edculo 18.1 de la Constituci\u00f3n y regulado por la Ley 1\/1982, de&nbsp;5 de mayo, sobre el derecho al honor, la intimidad personal y familiar y la imagen personal. Si autoriza la publicaci\u00f3n de las im\u00e1genes a&nbsp;FITPLACE JAEN SL con CIF B71542195, lo hace de forma expresa e inequ\u00edvoca, libre, voluntaria, gratuita&nbsp;y sin l\u00edmite temporal ni geogr\u00e1fico,&nbsp;incluyendo, adem\u00e1s, la autorizaci\u00f3n para publicar el nombre y apellido para su difusi\u00f3n o explotaci\u00f3n comercial, en cualquier soporte o formato (Intranet, sitio web, comunicaciones comerciales electr\u00f3nicamente, revistas, redes sociales, medios de comunicaci\u00f3n, etc.) y por la reproducci\u00f3n, exhibici\u00f3n y comunicaci\u00f3n p\u00fablica, tanto fotogr\u00e1fica, televisiva, videogr\u00e1fica, impresa, por Internet y\/o redes sociales. El ejercicio de la captaci\u00f3n de las im\u00e1genes&nbsp;(o videos) por parte de&nbsp;FITPLACE JAEN SL con CIF B71542195 u otra empresa delegada, sea a trav\u00e9s de c\u00e1maras o&nbsp;videoc\u00e1maras, donde resulte claramente identificable, estar\u00e1 limitado al conjunto de actividades desarrolladas por&nbsp;FITPLACE JAEN SL con CIF B71542195 qui\u00e9n se compromete a adoptar en todo momento las oportunas medidas de seguridad para evitar el acceso, cesi\u00f3n o uso no autorizado de las im\u00e1genes.<\/p>\n\n\n\n<p><strong>Informamos que sus datos ser\u00e1n incorporados en un tratamiento del cual es titular el responsable del tratamiento.<\/strong><\/p>\n\n\n\n<p><strong>Informaci\u00f3n adicional<\/strong>: Puede consultar la informaci\u00f3n adicional en nuestra Pol\u00edtica de Privacidad: <a href=\"https:\/\/fitplace.fit\/politica-de-privacidad-fitplace\/\">https:\/\/fitplace.fit\/politica-de-privacidad-fitplace\/<\/a><\/p>\n","protected":false},"excerpt":{"rendered":"<p>QUINTA. PROTECCI\u00d3N DE DATOS DE CAR\u00c1CTER PERSONAL FITPLACE JAEN SL con CIF B71542195. Se compromete a tratar de forma absolutamente confidencial todos sus datos de car\u00e1cter personal seg\u00fan lo establecido en el Reglamento General de Protecci\u00f3n de Datos UE 2016\/679 (RGPD) y la Ley Org\u00e1nica 3\/2018, de 5 de diciembre, de Protecci\u00f3n de Datos Personales [&hellip;]<\/p>\n","protected":false},"author":1,"featured_media":220502,"parent":0,"menu_order":0,"comment_status":"closed","ping_status":"closed","template":"","meta":{"_et_pb_use_builder":"off","_et_pb_old_content":"","_et_gb_content_width":"","footnotes":""},"class_list":["post-221231","page","type-page","status-publish","has-post-thumbnail","hentry"],"yoast_head":"<!-- This site is optimized with the Yoast SEO plugin v27.1.1 - https:\/\/yoast.com\/product\/yoast-seo-wordpress\/ -->\n<title>Cl\u00e1usula Condiciones Generales de Contrataci\u00f3n - Fitplace Jaen<\/title>\n<meta name=\"description\" content=\"Detalles sobre la Cl\u00e1usula de Condiciones Generales de Contrataci\u00f3n en el sitio web de Fitplace en Ja\u00e9n. M\u00e1s info en nuestra Pol\u00edtica de Privacidad.\" \/>\n<meta name=\"robots\" content=\"index, follow, max-snippet:-1, max-image-preview:large, max-video-preview:-1\" \/>\n<link rel=\"canonical\" href=\"https:\/\/fitplace.fit\/jaen\/clausula-condiciones-generales-de-contratacion\/\" \/>\n<meta property=\"og:locale\" content=\"es_ES\" \/>\n<meta property=\"og:type\" content=\"article\" \/>\n<meta property=\"og:title\" content=\"Cl\u00e1usula Condiciones Generales de Contrataci\u00f3n - Fitplace Jaen\" \/>\n<meta property=\"og:description\" content=\"Detalles sobre la Cl\u00e1usula de Condiciones Generales de Contrataci\u00f3n en el sitio web de Fitplace en Ja\u00e9n. M\u00e1s info en nuestra Pol\u00edtica de Privacidad.\" \/>\n<meta property=\"og:url\" content=\"https:\/\/fitplace.fit\/jaen\/clausula-condiciones-generales-de-contratacion\/\" \/>\n<meta property=\"og:site_name\" content=\"Fitplace Jaen\" \/>\n<meta property=\"article:modified_time\" content=\"2025-11-03T08:14:32+00:00\" \/>\n<meta property=\"og:image\" content=\"https:\/\/fitplace.fit\/jaen\/wp-content\/uploads\/2025\/06\/material-deportivo-de-colores.jpg\" \/>\n\t<meta property=\"og:image:width\" content=\"2000\" \/>\n\t<meta property=\"og:image:height\" content=\"1333\" \/>\n\t<meta property=\"og:image:type\" content=\"image\/jpeg\" \/>\n<meta name=\"twitter:card\" content=\"summary_large_image\" \/>\n<meta name=\"twitter:label1\" content=\"Tiempo de lectura\" \/>\n\t<meta name=\"twitter:data1\" content=\"3 minutos\" \/>\n<script type=\"application\/ld+json\" class=\"yoast-schema-graph\">{\"@context\":\"https:\/\/schema.org\",\"@graph\":[{\"@type\":\"WebPage\",\"@id\":\"https:\/\/fitplace.fit\/jaen\/clausula-condiciones-generales-de-contratacion\/\",\"url\":\"https:\/\/fitplace.fit\/jaen\/clausula-condiciones-generales-de-contratacion\/\",\"name\":\"Cl\u00e1usula Condiciones Generales de Contrataci\u00f3n - Fitplace Jaen\",\"isPartOf\":{\"@id\":\"https:\/\/fitplace.fit\/jaen\/#website\"},\"primaryImageOfPage\":{\"@id\":\"https:\/\/fitplace.fit\/jaen\/clausula-condiciones-generales-de-contratacion\/#primaryimage\"},\"image\":{\"@id\":\"https:\/\/fitplace.fit\/jaen\/clausula-condiciones-generales-de-contratacion\/#primaryimage\"},\"thumbnailUrl\":\"https:\/\/fitplace.fit\/jaen\/wp-content\/uploads\/2025\/06\/material-deportivo-de-colores.jpg\",\"datePublished\":\"2025-11-03T08:09:58+00:00\",\"dateModified\":\"2025-11-03T08:14:32+00:00\",\"description\":\"Detalles sobre la Cl\u00e1usula de Condiciones Generales de Contrataci\u00f3n en el sitio web de Fitplace en Ja\u00e9n. M\u00e1s info en nuestra Pol\u00edtica de Privacidad.\",\"breadcrumb\":{\"@id\":\"https:\/\/fitplace.fit\/jaen\/clausula-condiciones-generales-de-contratacion\/#breadcrumb\"},\"inLanguage\":\"es\",\"potentialAction\":[{\"@type\":\"ReadAction\",\"target\":[\"https:\/\/fitplace.fit\/jaen\/clausula-condiciones-generales-de-contratacion\/\"]}]},{\"@type\":\"ImageObject\",\"inLanguage\":\"es\",\"@id\":\"https:\/\/fitplace.fit\/jaen\/clausula-condiciones-generales-de-contratacion\/#primaryimage\",\"url\":\"https:\/\/fitplace.fit\/jaen\/wp-content\/uploads\/2025\/06\/material-deportivo-de-colores.jpg\",\"contentUrl\":\"https:\/\/fitplace.fit\/jaen\/wp-content\/uploads\/2025\/06\/material-deportivo-de-colores.jpg\",\"width\":2000,\"height\":1333,\"caption\":\"material deportivo de colores\"},{\"@type\":\"BreadcrumbList\",\"@id\":\"https:\/\/fitplace.fit\/jaen\/clausula-condiciones-generales-de-contratacion\/#breadcrumb\",\"itemListElement\":[{\"@type\":\"ListItem\",\"position\":1,\"name\":\"Portada\",\"item\":\"https:\/\/fitplace.fit\/jaen\/\"},{\"@type\":\"ListItem\",\"position\":2,\"name\":\"Cl\u00e1usula Condiciones Generales de Contrataci\u00f3n\"}]},{\"@type\":\"WebSite\",\"@id\":\"https:\/\/fitplace.fit\/jaen\/#website\",\"url\":\"https:\/\/fitplace.fit\/jaen\/\",\"name\":\"Fitplace Jaen\",\"description\":\"Gimnasios en Ja\u00e9n\",\"publisher\":{\"@id\":\"https:\/\/fitplace.fit\/jaen\/#organization\"},\"potentialAction\":[{\"@type\":\"SearchAction\",\"target\":{\"@type\":\"EntryPoint\",\"urlTemplate\":\"https:\/\/fitplace.fit\/jaen\/?s={search_term_string}\"},\"query-input\":{\"@type\":\"PropertyValueSpecification\",\"valueRequired\":true,\"valueName\":\"search_term_string\"}}],\"inLanguage\":\"es\"},{\"@type\":\"Organization\",\"@id\":\"https:\/\/fitplace.fit\/jaen\/#organization\",\"name\":\"Fitplace Jaen\",\"url\":\"https:\/\/fitplace.fit\/jaen\/\",\"logo\":{\"@type\":\"ImageObject\",\"inLanguage\":\"es\",\"@id\":\"https:\/\/fitplace.fit\/jaen\/#\/schema\/logo\/image\/\",\"url\":\"https:\/\/fitplace.fit\/jaen\/wp-content\/uploads\/2025\/10\/cropped-gimnasios-fitplace.jpg\",\"contentUrl\":\"https:\/\/fitplace.fit\/jaen\/wp-content\/uploads\/2025\/10\/cropped-gimnasios-fitplace.jpg\",\"width\":512,\"height\":512,\"caption\":\"Fitplace Jaen\"},\"image\":{\"@id\":\"https:\/\/fitplace.fit\/jaen\/#\/schema\/logo\/image\/\"}}]}<\/script>\n<!-- \/ Yoast SEO plugin. -->","yoast_head_json":{"title":"Cl\u00e1usula Condiciones Generales de Contrataci\u00f3n - Fitplace Jaen","description":"Detalles sobre la Cl\u00e1usula de Condiciones Generales de Contrataci\u00f3n en el sitio web de Fitplace en Ja\u00e9n. M\u00e1s info en nuestra Pol\u00edtica de Privacidad.","robots":{"index":"index","follow":"follow","max-snippet":"max-snippet:-1","max-image-preview":"max-image-preview:large","max-video-preview":"max-video-preview:-1"},"canonical":"https:\/\/fitplace.fit\/jaen\/clausula-condiciones-generales-de-contratacion\/","og_locale":"es_ES","og_type":"article","og_title":"Cl\u00e1usula Condiciones Generales de Contrataci\u00f3n - Fitplace Jaen","og_description":"Detalles sobre la Cl\u00e1usula de Condiciones Generales de Contrataci\u00f3n en el sitio web de Fitplace en Ja\u00e9n. M\u00e1s info en nuestra Pol\u00edtica de Privacidad.","og_url":"https:\/\/fitplace.fit\/jaen\/clausula-condiciones-generales-de-contratacion\/","og_site_name":"Fitplace Jaen","article_modified_time":"2025-11-03T08:14:32+00:00","og_image":[{"width":2000,"height":1333,"url":"https:\/\/fitplace.fit\/jaen\/wp-content\/uploads\/2025\/06\/material-deportivo-de-colores.jpg","type":"image\/jpeg"}],"twitter_card":"summary_large_image","twitter_misc":{"Tiempo de lectura":"3 minutos"},"schema":{"@context":"https:\/\/schema.org","@graph":[{"@type":"WebPage","@id":"https:\/\/fitplace.fit\/jaen\/clausula-condiciones-generales-de-contratacion\/","url":"https:\/\/fitplace.fit\/jaen\/clausula-condiciones-generales-de-contratacion\/","name":"Cl\u00e1usula Condiciones Generales de Contrataci\u00f3n - Fitplace Jaen","isPartOf":{"@id":"https:\/\/fitplace.fit\/jaen\/#website"},"primaryImageOfPage":{"@id":"https:\/\/fitplace.fit\/jaen\/clausula-condiciones-generales-de-contratacion\/#primaryimage"},"image":{"@id":"https:\/\/fitplace.fit\/jaen\/clausula-condiciones-generales-de-contratacion\/#primaryimage"},"thumbnailUrl":"https:\/\/fitplace.fit\/jaen\/wp-content\/uploads\/2025\/06\/material-deportivo-de-colores.jpg","datePublished":"2025-11-03T08:09:58+00:00","dateModified":"2025-11-03T08:14:32+00:00","description":"Detalles sobre la Cl\u00e1usula de Condiciones Generales de Contrataci\u00f3n en el sitio web de Fitplace en Ja\u00e9n. M\u00e1s info en nuestra Pol\u00edtica de Privacidad.","breadcrumb":{"@id":"https:\/\/fitplace.fit\/jaen\/clausula-condiciones-generales-de-contratacion\/#breadcrumb"},"inLanguage":"es","potentialAction":[{"@type":"ReadAction","target":["https:\/\/fitplace.fit\/jaen\/clausula-condiciones-generales-de-contratacion\/"]}]},{"@type":"ImageObject","inLanguage":"es","@id":"https:\/\/fitplace.fit\/jaen\/clausula-condiciones-generales-de-contratacion\/#primaryimage","url":"https:\/\/fitplace.fit\/jaen\/wp-content\/uploads\/2025\/06\/material-deportivo-de-colores.jpg","contentUrl":"https:\/\/fitplace.fit\/jaen\/wp-content\/uploads\/2025\/06\/material-deportivo-de-colores.jpg","width":2000,"height":1333,"caption":"material deportivo de colores"},{"@type":"BreadcrumbList","@id":"https:\/\/fitplace.fit\/jaen\/clausula-condiciones-generales-de-contratacion\/#breadcrumb","itemListElement":[{"@type":"ListItem","position":1,"name":"Portada","item":"https:\/\/fitplace.fit\/jaen\/"},{"@type":"ListItem","position":2,"name":"Cl\u00e1usula Condiciones Generales de Contrataci\u00f3n"}]},{"@type":"WebSite","@id":"https:\/\/fitplace.fit\/jaen\/#website","url":"https:\/\/fitplace.fit\/jaen\/","name":"Fitplace Jaen","description":"Gimnasios en Ja\u00e9n","publisher":{"@id":"https:\/\/fitplace.fit\/jaen\/#organization"},"potentialAction":[{"@type":"SearchAction","target":{"@type":"EntryPoint","urlTemplate":"https:\/\/fitplace.fit\/jaen\/?s={search_term_string}"},"query-input":{"@type":"PropertyValueSpecification","valueRequired":true,"valueName":"search_term_string"}}],"inLanguage":"es"},{"@type":"Organization","@id":"https:\/\/fitplace.fit\/jaen\/#organization","name":"Fitplace Jaen","url":"https:\/\/fitplace.fit\/jaen\/","logo":{"@type":"ImageObject","inLanguage":"es","@id":"https:\/\/fitplace.fit\/jaen\/#\/schema\/logo\/image\/","url":"https:\/\/fitplace.fit\/jaen\/wp-content\/uploads\/2025\/10\/cropped-gimnasios-fitplace.jpg","contentUrl":"https:\/\/fitplace.fit\/jaen\/wp-content\/uploads\/2025\/10\/cropped-gimnasios-fitplace.jpg","width":512,"height":512,"caption":"Fitplace Jaen"},"image":{"@id":"https:\/\/fitplace.fit\/jaen\/#\/schema\/logo\/image\/"}}]}},"_links":{"self":[{"href":"https:\/\/fitplace.fit\/jaen\/wp-json\/wp\/v2\/pages\/221231","targetHints":{"allow":["GET"]}}],"collection":[{"href":"https:\/\/fitplace.fit\/jaen\/wp-json\/wp\/v2\/pages"}],"about":[{"href":"https:\/\/fitplace.fit\/jaen\/wp-json\/wp\/v2\/types\/page"}],"author":[{"embeddable":true,"href":"https:\/\/fitplace.fit\/jaen\/wp-json\/wp\/v2\/users\/1"}],"replies":[{"embeddable":true,"href":"https:\/\/fitplace.fit\/jaen\/wp-json\/wp\/v2\/comments?post=221231"}],"version-history":[{"count":4,"href":"https:\/\/fitplace.fit\/jaen\/wp-json\/wp\/v2\/pages\/221231\/revisions"}],"predecessor-version":[{"id":221239,"href":"https:\/\/fitplace.fit\/jaen\/wp-json\/wp\/v2\/pages\/221231\/revisions\/221239"}],"wp:featuredmedia":[{"embeddable":true,"href":"https:\/\/fitplace.fit\/jaen\/wp-json\/wp\/v2\/media\/220502"}],"wp:attachment":[{"href":"https:\/\/fitplace.fit\/jaen\/wp-json\/wp\/v2\/media?parent=221231"}],"curies":[{"name":"wp","href":"https:\/\/api.w.org\/{rel}","templated":true}]}}