{"id":209159,"date":"2018-12-04T15:58:36","date_gmt":"2018-12-04T14:58:36","guid":{"rendered":"https:\/\/spartasportcenter.com\/pamplona\/?page_id=209159"},"modified":"2025-12-01T10:32:26","modified_gmt":"2025-12-01T09:32:26","slug":"mapa-web","status":"publish","type":"page","link":"https:\/\/fitplace.fit\/jaen\/mapa-web\/","title":{"rendered":"Mapa Web"},"content":{"rendered":"<p><a href=\"https:\/\/fitplace.fit\/jaen\/\">Gimnasio Fitplace Ja\u00e9n<\/a><\/p>\n<p><a href=\"https:\/\/fitplace.fit\/jaen\/servicios\/\">Servicios<\/a><\/p>\n<p><a href=\"https:\/\/fitplace.fit\/jaen\/instalaciones\/\">Instalaciones<\/a><\/p>\n<p><a href=\"https:\/\/fitplace.fit\/jaen\/prueba-un-dia-gratis\/\">Prueba un d\u00eda gratis<\/a><\/p>\n<p><a href=\"https:\/\/fitplace.fit\/jaen\/contacto\/\">Contacto<\/a><\/p>\n","protected":false},"excerpt":{"rendered":"<p>   &#8211;<\/p>\n","protected":false},"author":1,"featured_media":220502,"parent":0,"menu_order":0,"comment_status":"closed","ping_status":"closed","template":"","meta":{"_et_pb_use_builder":"off","_et_pb_old_content":"<a href=\"https:\/\/fitplace.fit\/jaen\/\">Gimnasio Fitplace Ja\u00e9n<\/a>\n\n<a href=\"https:\/\/fitplace.fit\/jaen\/servicios\/\">Servicios<\/a>\n\n<a href=\"https:\/\/fitplace.fit\/jaen\/tarifas\/\">Tarifas<\/a>\n\n<a href=\"https:\/\/fitplace.fit\/jaen\/instalaciones\/\">Instalaciones<\/a>\n\n<a href=\"https:\/\/fitplace.fit\/jaen\/prueba-un-dia-gratis\/\">Prueba un d\u00eda gratis<\/a>\n\n<a href=\"https:\/\/fitplace.fit\/jaen\/contacto\/\">Contacto<\/a>","_et_gb_content_width":"","footnotes":""},"class_list":["post-209159","page","type-page","status-publish","has-post-thumbnail","hentry"],"yoast_head":"<!-- This site is optimized with the Yoast SEO plugin v27.1.1 - https:\/\/yoast.com\/product\/yoast-seo-wordpress\/ -->\n<title>Mapa Web - Fitplace Jaen<\/title>\n<meta name=\"description\" content=\"Consulta el Mapa Web de Gimnasios Fitplace Ja\u00e9n para conocer las p\u00e1ginas m\u00e1s importantes de nuestra p\u00e1gina web. \u00a1Te las mostramos!\" \/>\n<meta name=\"robots\" content=\"index, follow, max-snippet:-1, max-image-preview:large, max-video-preview:-1\" \/>\n<link rel=\"canonical\" href=\"https:\/\/fitplace.fit\/jaen\/mapa-web\/\" \/>\n<meta property=\"og:locale\" content=\"es_ES\" \/>\n<meta property=\"og:type\" content=\"article\" \/>\n<meta property=\"og:title\" content=\"Mapa Web - Fitplace Jaen\" \/>\n<meta property=\"og:description\" content=\"Consulta el Mapa Web de Gimnasios Fitplace Ja\u00e9n para conocer las p\u00e1ginas m\u00e1s importantes de nuestra p\u00e1gina web. \u00a1Te las mostramos!\" \/>\n<meta property=\"og:url\" content=\"https:\/\/fitplace.fit\/jaen\/mapa-web\/\" \/>\n<meta property=\"og:site_name\" content=\"Fitplace Jaen\" \/>\n<meta property=\"article:modified_time\" content=\"2025-12-01T09:32:26+00:00\" \/>\n<meta property=\"og:image\" content=\"https:\/\/fitplace.fit\/jaen\/wp-content\/uploads\/2025\/06\/material-deportivo-de-colores.jpg\" \/>\n\t<meta property=\"og:image:width\" content=\"2000\" \/>\n\t<meta property=\"og:image:height\" content=\"1333\" \/>\n\t<meta property=\"og:image:type\" content=\"image\/jpeg\" \/>\n<meta name=\"twitter:card\" content=\"summary_large_image\" \/>\n<meta name=\"twitter:label1\" content=\"Tiempo de lectura\" \/>\n\t<meta name=\"twitter:data1\" content=\"1 minuto\" \/>\n<script type=\"application\/ld+json\" class=\"yoast-schema-graph\">{\"@context\":\"https:\/\/schema.org\",\"@graph\":[{\"@type\":\"WebPage\",\"@id\":\"https:\/\/fitplace.fit\/jaen\/mapa-web\/\",\"url\":\"https:\/\/fitplace.fit\/jaen\/mapa-web\/\",\"name\":\"Mapa Web - Fitplace Jaen\",\"isPartOf\":{\"@id\":\"https:\/\/fitplace.fit\/jaen\/#website\"},\"primaryImageOfPage\":{\"@id\":\"https:\/\/fitplace.fit\/jaen\/mapa-web\/#primaryimage\"},\"image\":{\"@id\":\"https:\/\/fitplace.fit\/jaen\/mapa-web\/#primaryimage\"},\"thumbnailUrl\":\"https:\/\/fitplace.fit\/jaen\/wp-content\/uploads\/2025\/06\/material-deportivo-de-colores.jpg\",\"datePublished\":\"2018-12-04T14:58:36+00:00\",\"dateModified\":\"2025-12-01T09:32:26+00:00\",\"description\":\"Consulta el Mapa Web de Gimnasios Fitplace Ja\u00e9n para conocer las p\u00e1ginas m\u00e1s importantes de nuestra p\u00e1gina web. \u00a1Te las mostramos!\",\"breadcrumb\":{\"@id\":\"https:\/\/fitplace.fit\/jaen\/mapa-web\/#breadcrumb\"},\"inLanguage\":\"es\",\"potentialAction\":[{\"@type\":\"ReadAction\",\"target\":[\"https:\/\/fitplace.fit\/jaen\/mapa-web\/\"]}]},{\"@type\":\"ImageObject\",\"inLanguage\":\"es\",\"@id\":\"https:\/\/fitplace.fit\/jaen\/mapa-web\/#primaryimage\",\"url\":\"https:\/\/fitplace.fit\/jaen\/wp-content\/uploads\/2025\/06\/material-deportivo-de-colores.jpg\",\"contentUrl\":\"https:\/\/fitplace.fit\/jaen\/wp-content\/uploads\/2025\/06\/material-deportivo-de-colores.jpg\",\"width\":2000,\"height\":1333,\"caption\":\"material deportivo de colores\"},{\"@type\":\"BreadcrumbList\",\"@id\":\"https:\/\/fitplace.fit\/jaen\/mapa-web\/#breadcrumb\",\"itemListElement\":[{\"@type\":\"ListItem\",\"position\":1,\"name\":\"Portada\",\"item\":\"https:\/\/fitplace.fit\/jaen\/\"},{\"@type\":\"ListItem\",\"position\":2,\"name\":\"Mapa Web\"}]},{\"@type\":\"WebSite\",\"@id\":\"https:\/\/fitplace.fit\/jaen\/#website\",\"url\":\"https:\/\/fitplace.fit\/jaen\/\",\"name\":\"Fitplace Jaen\",\"description\":\"Gimnasios en Ja\u00e9n\",\"publisher\":{\"@id\":\"https:\/\/fitplace.fit\/jaen\/#organization\"},\"potentialAction\":[{\"@type\":\"SearchAction\",\"target\":{\"@type\":\"EntryPoint\",\"urlTemplate\":\"https:\/\/fitplace.fit\/jaen\/?s={search_term_string}\"},\"query-input\":{\"@type\":\"PropertyValueSpecification\",\"valueRequired\":true,\"valueName\":\"search_term_string\"}}],\"inLanguage\":\"es\"},{\"@type\":\"Organization\",\"@id\":\"https:\/\/fitplace.fit\/jaen\/#organization\",\"name\":\"Fitplace Jaen\",\"url\":\"https:\/\/fitplace.fit\/jaen\/\",\"logo\":{\"@type\":\"ImageObject\",\"inLanguage\":\"es\",\"@id\":\"https:\/\/fitplace.fit\/jaen\/#\/schema\/logo\/image\/\",\"url\":\"https:\/\/fitplace.fit\/jaen\/wp-content\/uploads\/2025\/10\/cropped-gimnasios-fitplace.jpg\",\"contentUrl\":\"https:\/\/fitplace.fit\/jaen\/wp-content\/uploads\/2025\/10\/cropped-gimnasios-fitplace.jpg\",\"width\":512,\"height\":512,\"caption\":\"Fitplace Jaen\"},\"image\":{\"@id\":\"https:\/\/fitplace.fit\/jaen\/#\/schema\/logo\/image\/\"}}]}<\/script>\n<!-- \/ Yoast SEO plugin. -->","yoast_head_json":{"title":"Mapa Web - Fitplace Jaen","description":"Consulta el Mapa Web de Gimnasios Fitplace Ja\u00e9n para conocer las p\u00e1ginas m\u00e1s importantes de nuestra p\u00e1gina web. \u00a1Te las mostramos!","robots":{"index":"index","follow":"follow","max-snippet":"max-snippet:-1","max-image-preview":"max-image-preview:large","max-video-preview":"max-video-preview:-1"},"canonical":"https:\/\/fitplace.fit\/jaen\/mapa-web\/","og_locale":"es_ES","og_type":"article","og_title":"Mapa Web - Fitplace Jaen","og_description":"Consulta el Mapa Web de Gimnasios Fitplace Ja\u00e9n para conocer las p\u00e1ginas m\u00e1s importantes de nuestra p\u00e1gina web. \u00a1Te las mostramos!","og_url":"https:\/\/fitplace.fit\/jaen\/mapa-web\/","og_site_name":"Fitplace Jaen","article_modified_time":"2025-12-01T09:32:26+00:00","og_image":[{"width":2000,"height":1333,"url":"https:\/\/fitplace.fit\/jaen\/wp-content\/uploads\/2025\/06\/material-deportivo-de-colores.jpg","type":"image\/jpeg"}],"twitter_card":"summary_large_image","twitter_misc":{"Tiempo de lectura":"1 minuto"},"schema":{"@context":"https:\/\/schema.org","@graph":[{"@type":"WebPage","@id":"https:\/\/fitplace.fit\/jaen\/mapa-web\/","url":"https:\/\/fitplace.fit\/jaen\/mapa-web\/","name":"Mapa Web - Fitplace Jaen","isPartOf":{"@id":"https:\/\/fitplace.fit\/jaen\/#website"},"primaryImageOfPage":{"@id":"https:\/\/fitplace.fit\/jaen\/mapa-web\/#primaryimage"},"image":{"@id":"https:\/\/fitplace.fit\/jaen\/mapa-web\/#primaryimage"},"thumbnailUrl":"https:\/\/fitplace.fit\/jaen\/wp-content\/uploads\/2025\/06\/material-deportivo-de-colores.jpg","datePublished":"2018-12-04T14:58:36+00:00","dateModified":"2025-12-01T09:32:26+00:00","description":"Consulta el Mapa Web de Gimnasios Fitplace Ja\u00e9n para conocer las p\u00e1ginas m\u00e1s importantes de nuestra p\u00e1gina web. \u00a1Te las mostramos!","breadcrumb":{"@id":"https:\/\/fitplace.fit\/jaen\/mapa-web\/#breadcrumb"},"inLanguage":"es","potentialAction":[{"@type":"ReadAction","target":["https:\/\/fitplace.fit\/jaen\/mapa-web\/"]}]},{"@type":"ImageObject","inLanguage":"es","@id":"https:\/\/fitplace.fit\/jaen\/mapa-web\/#primaryimage","url":"https:\/\/fitplace.fit\/jaen\/wp-content\/uploads\/2025\/06\/material-deportivo-de-colores.jpg","contentUrl":"https:\/\/fitplace.fit\/jaen\/wp-content\/uploads\/2025\/06\/material-deportivo-de-colores.jpg","width":2000,"height":1333,"caption":"material deportivo de colores"},{"@type":"BreadcrumbList","@id":"https:\/\/fitplace.fit\/jaen\/mapa-web\/#breadcrumb","itemListElement":[{"@type":"ListItem","position":1,"name":"Portada","item":"https:\/\/fitplace.fit\/jaen\/"},{"@type":"ListItem","position":2,"name":"Mapa Web"}]},{"@type":"WebSite","@id":"https:\/\/fitplace.fit\/jaen\/#website","url":"https:\/\/fitplace.fit\/jaen\/","name":"Fitplace Jaen","description":"Gimnasios en Ja\u00e9n","publisher":{"@id":"https:\/\/fitplace.fit\/jaen\/#organization"},"potentialAction":[{"@type":"SearchAction","target":{"@type":"EntryPoint","urlTemplate":"https:\/\/fitplace.fit\/jaen\/?s={search_term_string}"},"query-input":{"@type":"PropertyValueSpecification","valueRequired":true,"valueName":"search_term_string"}}],"inLanguage":"es"},{"@type":"Organization","@id":"https:\/\/fitplace.fit\/jaen\/#organization","name":"Fitplace Jaen","url":"https:\/\/fitplace.fit\/jaen\/","logo":{"@type":"ImageObject","inLanguage":"es","@id":"https:\/\/fitplace.fit\/jaen\/#\/schema\/logo\/image\/","url":"https:\/\/fitplace.fit\/jaen\/wp-content\/uploads\/2025\/10\/cropped-gimnasios-fitplace.jpg","contentUrl":"https:\/\/fitplace.fit\/jaen\/wp-content\/uploads\/2025\/10\/cropped-gimnasios-fitplace.jpg","width":512,"height":512,"caption":"Fitplace Jaen"},"image":{"@id":"https:\/\/fitplace.fit\/jaen\/#\/schema\/logo\/image\/"}}]}},"_links":{"self":[{"href":"https:\/\/fitplace.fit\/jaen\/wp-json\/wp\/v2\/pages\/209159","targetHints":{"allow":["GET"]}}],"collection":[{"href":"https:\/\/fitplace.fit\/jaen\/wp-json\/wp\/v2\/pages"}],"about":[{"href":"https:\/\/fitplace.fit\/jaen\/wp-json\/wp\/v2\/types\/page"}],"author":[{"embeddable":true,"href":"https:\/\/fitplace.fit\/jaen\/wp-json\/wp\/v2\/users\/1"}],"replies":[{"embeddable":true,"href":"https:\/\/fitplace.fit\/jaen\/wp-json\/wp\/v2\/comments?post=209159"}],"version-history":[{"count":3,"href":"https:\/\/fitplace.fit\/jaen\/wp-json\/wp\/v2\/pages\/209159\/revisions"}],"predecessor-version":[{"id":221184,"href":"https:\/\/fitplace.fit\/jaen\/wp-json\/wp\/v2\/pages\/209159\/revisions\/221184"}],"wp:featuredmedia":[{"embeddable":true,"href":"https:\/\/fitplace.fit\/jaen\/wp-json\/wp\/v2\/media\/220502"}],"wp:attachment":[{"href":"https:\/\/fitplace.fit\/jaen\/wp-json\/wp\/v2\/media?parent=209159"}],"curies":[{"name":"wp","href":"https:\/\/api.w.org\/{rel}","templated":true}]}}